{"id":897,"date":"2017-09-03T11:00:53","date_gmt":"2017-09-03T09:00:53","guid":{"rendered":"http:\/\/zst-skarzysko.pl\/?page_id=897"},"modified":"2017-09-03T11:24:52","modified_gmt":"2017-09-03T09:24:52","slug":"kompleksowe-wsparcie-zst-w-skarzysku-kamiennej","status":"publish","type":"page","link":"https:\/\/zst-skarzysko.pl\/?page_id=897","title":{"rendered":"Kompleksowe wsparcie ZST w Skar\u017cysku-Kamiennej"},"content":{"rendered":"<p><img fetchpriority=\"high\" decoding=\"async\" class=\"size-large wp-image-898 aligncenter\" src=\"http:\/\/zst-skarzysko.pl\/wp-content\/uploads\/2017\/09\/plakat-w\u0142a\u015bciwy-1-1024x768.png\" alt=\"\" width=\"1024\" height=\"768\" srcset=\"https:\/\/zst-skarzysko.pl\/wp-content\/uploads\/2017\/09\/plakat-w\u0142a\u015bciwy-1-1024x768.png 1024w, https:\/\/zst-skarzysko.pl\/wp-content\/uploads\/2017\/09\/plakat-w\u0142a\u015bciwy-1-300x225.png 300w, https:\/\/zst-skarzysko.pl\/wp-content\/uploads\/2017\/09\/plakat-w\u0142a\u015bciwy-1-768x576.png 768w, https:\/\/zst-skarzysko.pl\/wp-content\/uploads\/2017\/09\/plakat-w\u0142a\u015bciwy-1.png 2000w\" sizes=\"(max-width: 1024px) 100vw, 1024px\" \/><\/p>\n<p><img decoding=\"async\" class=\"size-large wp-image-899 aligncenter\" src=\"http:\/\/zst-skarzysko.pl\/wp-content\/uploads\/2017\/09\/ulotka-w\u0142a\u015bciwa-724x1024.png\" alt=\"\" width=\"724\" height=\"1024\" srcset=\"https:\/\/zst-skarzysko.pl\/wp-content\/uploads\/2017\/09\/ulotka-w\u0142a\u015bciwa-724x1024.png 724w, https:\/\/zst-skarzysko.pl\/wp-content\/uploads\/2017\/09\/ulotka-w\u0142a\u015bciwa-212x300.png 212w, https:\/\/zst-skarzysko.pl\/wp-content\/uploads\/2017\/09\/ulotka-w\u0142a\u015bciwa-768x1086.png 768w, https:\/\/zst-skarzysko.pl\/wp-content\/uploads\/2017\/09\/ulotka-w\u0142a\u015bciwa.png 1654w\" sizes=\"(max-width: 724px) 100vw, 724px\" \/><\/p>\n<p>\u015awi\u0119tokrzyski Zarz\u0105d Wojew\u00f3dzki Polskiego Komitetu Pomocy Spo\u0142ecznej prowadzi nab\u00f3r do projektu KOMPLEKSOWE WSPARCIE ZST W SKAR\u017bYSKU-KAMIENNEJ do ko\u0144ca wrze\u015bnia 2017r. Do udzia\u0142u w projekcie zapraszamy uczni\u00f3w III i IV klasy technikum ZST.<br \/>\nDo wrze\u015bnia 2017r. zrealizowano nast\u0119puj\u0105ce formy wsparcia:<br \/>\n1.\u00a0 \u00a0 \u00a0 Indywidualne doradztwo edukacyjno-zawodowe (warto\u015b\u0107 docelowa 80, warto\u015b\u0107 realizacji 43).<br \/>\n2.\u00a0 \u00a0 \u00a0 Grupowe doradztwo edukacyjno-zawodowe (warto\u015b\u0107 docelowa 80, warto\u015b\u0107 realizacji 43).<br \/>\n3.\u00a0 \u00a0 \u00a0 Zaj\u0119cia pozalekcyjne (warto\u015b\u0107 docelowa 80, warto\u015b\u0107 realizacji 43).<br \/>\n4.\u00a0 \u00a0 \u00a0 Sta\u017ce zawodowe (warto\u015b\u0107 docelowa 80, warto\u015b\u0107 realizacji 36).<br \/>\n5.\u00a0 \u00a0 \u00a0 Doposa\u017cenie pracowni informatycznej.<\/p>\n<p>Formularz zg\u0142oszeniowy:<\/p>\n<p><a href=\"http:\/\/zst-skarzysko.pl\/pobierz\/form_zglo_1.docx\">Dla ucznia<\/a><\/p>\n<p><a href=\"http:\/\/zst-skarzysko.pl\/pobierz\/form_zglo_2.docx\">Dla nauczyciela<\/a><\/p>\n","protected":false},"excerpt":{"rendered":"<p>\u015awi\u0119tokrzyski Zarz\u0105d Wojew\u00f3dzki Polskiego Komitetu Pomocy Spo\u0142ecznej prowadzi nab\u00f3r do projektu KOMPLEKSOWE WSPARCIE ZST W SKAR\u017bYSKU-KAMIENNEJ do ko\u0144ca wrze\u015bnia 2017r. Do udzia\u0142u w projekcie zapraszamy [&hellip;]<\/p>\n","protected":false},"author":1,"featured_media":0,"parent":0,"menu_order":0,"comment_status":"closed","ping_status":"closed","template":"","meta":{"footnotes":"","_links_to":"","_links_to_target":""},"class_list":["post-897","page","type-page","status-publish","hentry"],"_links":{"self":[{"href":"https:\/\/zst-skarzysko.pl\/index.php?rest_route=\/wp\/v2\/pages\/897","targetHints":{"allow":["GET"]}}],"collection":[{"href":"https:\/\/zst-skarzysko.pl\/index.php?rest_route=\/wp\/v2\/pages"}],"about":[{"href":"https:\/\/zst-skarzysko.pl\/index.php?rest_route=\/wp\/v2\/types\/page"}],"author":[{"embeddable":true,"href":"https:\/\/zst-skarzysko.pl\/index.php?rest_route=\/wp\/v2\/users\/1"}],"replies":[{"embeddable":true,"href":"https:\/\/zst-skarzysko.pl\/index.php?rest_route=%2Fwp%2Fv2%2Fcomments&post=897"}],"version-history":[{"count":3,"href":"https:\/\/zst-skarzysko.pl\/index.php?rest_route=\/wp\/v2\/pages\/897\/revisions"}],"predecessor-version":[{"id":903,"href":"https:\/\/zst-skarzysko.pl\/index.php?rest_route=\/wp\/v2\/pages\/897\/revisions\/903"}],"wp:attachment":[{"href":"https:\/\/zst-skarzysko.pl\/index.php?rest_route=%2Fwp%2Fv2%2Fmedia&parent=897"}],"curies":[{"name":"wp","href":"https:\/\/api.w.org\/{rel}","templated":true}]}}