{"id":656,"date":"2017-03-29T09:50:50","date_gmt":"2017-03-29T07:50:50","guid":{"rendered":"http:\/\/zstsko.hs1.linux.pl\/?page_id=656"},"modified":"2020-12-29T09:16:56","modified_gmt":"2020-12-29T08:16:56","slug":"kolo-elektroniki-i-robotyki","status":"publish","type":"page","link":"https:\/\/zst-skarzysko.pl\/?page_id=656","title":{"rendered":"Ko\u0142o elektroniki i robotyki"},"content":{"rendered":"<p style=\"text-align: center;\"><span style=\"color: #993300; font-size: 14pt;\">Ko\u0142o elektroniki i robotyki jest prowadzone przez pana mgr in\u017c. Krzysztofa \u0141akomca.<\/span><\/p>\n<hr \/>\n<p style=\"text-align: center;\"><span style=\"font-size: 14pt;\"><strong>Mikroprocesorowy Sterownik Pompy CO<\/strong><\/span><\/p>\n<p><iframe src=\"\/\/www.youtube.com\/embed\/mUGe25xdhs8\" width=\"560\" height=\"314\" allowfullscreen=\"allowfullscreen\"><\/iframe><\/p>\n<p>&nbsp;<\/p>\n<div id=\"panel-1094-targetEl\" class=\"x-box-target\" role=\"presentation\"><\/div>\n<hr \/>\n<p>&nbsp;<\/p>\n<p style=\"text-align: center;\"><strong><em>Projekt budowy Drabiny Jakuba<\/em><\/strong><\/p>\n<p><img fetchpriority=\"high\" decoding=\"async\" class=\"alignnone size-medium wp-image-941\" src=\"http:\/\/zst-skarzysko.pl\/wp-content\/uploads\/2019\/06\/IMG_20190605_210859851.jpg\" alt=\"\" width=\"300\" height=\"240\" \/><\/p>\n<p><a href=\"http:\/\/zst-skarzysko.pl\/wp-content\/uploads\/2019\/06\/Drabina-Jakuba.pdf\">Opis projektu<\/a><\/p>\n<p><a href=\"https:\/\/photos.app.goo.gl\/GbX6uRntv5F6XUZA7\">Film<\/a><\/p>\n<hr \/>\n<p>&nbsp;<\/p>\n<p style=\"text-align: center;\"><span style=\"font-size: 14pt;\"><strong><em>ZASILACZ REGULOWANY<\/em><\/strong><\/span><\/p>\n<p>Ucze\u0144 klasy 2TE technikum elektrycznego Krzysztof Ga\u0142ka zaprojektowa\u0142 i wykona\u0142 zasilacz regulowany na bazie zasilacza komputerowego. Czekamy na nast\u0119pne ciekawe pomys\u0142y, kt\u00f3re mog\u0105 by\u0107 zaprezentowane na dniach techniki. Opis wykonania i zdj\u0119cia mo\u017cna zobaczy\u0107 w za\u0142\u0105czonym pliku. Tu znajdziesz projekt zasilacza: \u00a0<a href=\"http:\/\/zst-skarzysko.pl\/wp-content\/uploads\/2017\/03\/zasilacz-1.pdf\">zasilacz<\/a><\/p>\n<p><img decoding=\"async\" class=\"alignnone size-medium wp-image-941\" src=\"http:\/\/zst-skarzysko.pl\/wp-content\/uploads\/2017\/03\/DSCF3542-300x240.jpg\" alt=\"\" width=\"300\" height=\"240\" srcset=\"https:\/\/zst-skarzysko.pl\/wp-content\/uploads\/2017\/03\/DSCF3542-300x240.jpg 300w, https:\/\/zst-skarzysko.pl\/wp-content\/uploads\/2017\/03\/DSCF3542-768x614.jpg 768w, https:\/\/zst-skarzysko.pl\/wp-content\/uploads\/2017\/03\/DSCF3542-1024x819.jpg 1024w\" sizes=\"(max-width: 300px) 100vw, 300px\" \/> <img decoding=\"async\" class=\"alignnone wp-image-942\" src=\"http:\/\/zst-skarzysko.pl\/wp-content\/uploads\/2017\/03\/DSCF3539-300x200.jpg\" alt=\"\" width=\"360\" height=\"240\" srcset=\"https:\/\/zst-skarzysko.pl\/wp-content\/uploads\/2017\/03\/DSCF3539-300x200.jpg 300w, https:\/\/zst-skarzysko.pl\/wp-content\/uploads\/2017\/03\/DSCF3539-768x512.jpg 768w, https:\/\/zst-skarzysko.pl\/wp-content\/uploads\/2017\/03\/DSCF3539-1024x683.jpg 1024w\" sizes=\"(max-width: 360px) 100vw, 360px\" \/><\/p>\n<hr \/>\n<p>&nbsp;<\/p>\n<p style=\"text-align: center;\"><span style=\"font-size: 14pt;\"><em><strong>LAMPKA NOCNA<\/strong><\/em><\/span><\/p>\n<p>Kolejny projekt Krzy\u015bka, tym razem lampka nocna z r\u00f3\u017cnymi efektami \u015bwietlnymi.<\/p>\n<p><img loading=\"lazy\" decoding=\"async\" class=\"alignnone size-full wp-image-1579\" src=\"http:\/\/zst-skarzysko.pl\/wp-content\/uploads\/2018\/09\/LAMPKA.jpg\" alt=\"\" width=\"381\" height=\"582\" srcset=\"https:\/\/zst-skarzysko.pl\/wp-content\/uploads\/2018\/09\/LAMPKA.jpg 381w, https:\/\/zst-skarzysko.pl\/wp-content\/uploads\/2018\/09\/LAMPKA-196x300.jpg 196w\" sizes=\"(max-width: 381px) 100vw, 381px\" \/><\/p>\n<p><a href=\"http:\/\/zst-skarzysko.pl\/wp-content\/uploads\/2017\/03\/lampkanocna.pdf\">Opis projektu<\/a><\/p>\n<p><a href=\"https:\/\/drive.google.com\/file\/d\/0B-Qe3W-9mlb6aXdGcDlJV2xDdlE\/view\">Film<\/a><\/p>\n<hr \/>\n<p>&nbsp;<\/p>\n<p style=\"text-align: center;\"><em><span style=\"font-size: 14pt;\"><strong>INSTALACJA ELEKTRYCZNA URSUS C-330<br \/>\n<\/strong><\/span><\/em><\/p>\n<p>Krzysztof Ga\u0142ka \u2013 ucze\u0144 klasy 3TE technikum elektrycznego wykona\u0142 instalacj\u0119 elektryczn\u0105 w ci\u0105gniku rolniczym oraz opisa\u0142 j\u0105 w spos\u00f3b zrozumia\u0142y prostymi s\u0142owami. Tu znajdziesz\u00a0 <a href=\"http:\/\/zst-skarzysko.pl\/wp-content\/uploads\/2018\/09\/Instalacja-Ursus-C-330.pdf\">projekt<\/a><\/p>\n<p><img loading=\"lazy\" decoding=\"async\" class=\"alignnone size-full wp-image-1574\" src=\"http:\/\/zst-skarzysko.pl\/wp-content\/uploads\/2018\/09\/ci\u0105gnik.jpg\" alt=\"\" width=\"512\" height=\"288\" srcset=\"https:\/\/zst-skarzysko.pl\/wp-content\/uploads\/2018\/09\/ci\u0105gnik.jpg 512w, https:\/\/zst-skarzysko.pl\/wp-content\/uploads\/2018\/09\/ci\u0105gnik-300x169.jpg 300w\" sizes=\"(max-width: 512px) 100vw, 512px\" \/><\/p>\n<p>&nbsp;<\/p>\n<hr \/>\n<p>&nbsp;<\/p>\n<p style=\"text-align: center;\"><span style=\"font-size: 14pt;\"><em><strong>Projekt budowy Prostownika automatycznego<\/strong><\/em><\/span><\/p>\n<p>Tym razem Krzysztof Ga\u0142ka z klasy III TE technikum elektrycznego opisa\u0142 oraz wykona\u0142 projekt budowy prostownika automatycznego<\/p>\n<p><a href=\"http:\/\/zst-skarzysko.pl\/wp-content\/uploads\/2019\/01\/Prostownik-automatyczny-15A.pdf\" target=\"_blank\" rel=\"noopener noreferrer\">Tu znajdziesz opis projektu<\/a><\/p>\n<p><a href=\"https:\/\/photos.app.goo.gl\/21beWfs8WZvvq1kS6\" target=\"_blank\" rel=\"noopener noreferrer\">Film<\/a><\/p>\n","protected":false},"excerpt":{"rendered":"<p>Ko\u0142o elektroniki i robotyki jest prowadzone przez pana mgr in\u017c. Krzysztofa \u0141akomca. Mikroprocesorowy Sterownik Pompy CO &nbsp; &nbsp; Projekt budowy Drabiny Jakuba Opis projektu Film [&hellip;]<\/p>\n","protected":false},"author":1,"featured_media":0,"parent":0,"menu_order":0,"comment_status":"closed","ping_status":"closed","template":"","meta":{"footnotes":"","_links_to":"","_links_to_target":""},"class_list":["post-656","page","type-page","status-publish","hentry"],"_links":{"self":[{"href":"https:\/\/zst-skarzysko.pl\/index.php?rest_route=\/wp\/v2\/pages\/656","targetHints":{"allow":["GET"]}}],"collection":[{"href":"https:\/\/zst-skarzysko.pl\/index.php?rest_route=\/wp\/v2\/pages"}],"about":[{"href":"https:\/\/zst-skarzysko.pl\/index.php?rest_route=\/wp\/v2\/types\/page"}],"author":[{"embeddable":true,"href":"https:\/\/zst-skarzysko.pl\/index.php?rest_route=\/wp\/v2\/users\/1"}],"replies":[{"embeddable":true,"href":"https:\/\/zst-skarzysko.pl\/index.php?rest_route=%2Fwp%2Fv2%2Fcomments&post=656"}],"version-history":[{"count":24,"href":"https:\/\/zst-skarzysko.pl\/index.php?rest_route=\/wp\/v2\/pages\/656\/revisions"}],"predecessor-version":[{"id":3647,"href":"https:\/\/zst-skarzysko.pl\/index.php?rest_route=\/wp\/v2\/pages\/656\/revisions\/3647"}],"wp:attachment":[{"href":"https:\/\/zst-skarzysko.pl\/index.php?rest_route=%2Fwp%2Fv2%2Fmedia&parent=656"}],"curies":[{"name":"wp","href":"https:\/\/api.w.org\/{rel}","templated":true}]}}