{"id":5069,"date":"2023-11-09T11:15:50","date_gmt":"2023-11-09T10:15:50","guid":{"rendered":"http:\/\/zst-skarzysko.pl\/?page_id=5069"},"modified":"2024-10-30T11:54:04","modified_gmt":"2024-10-30T10:54:04","slug":"rekrutacja-frse","status":"publish","type":"page","link":"https:\/\/zst-skarzysko.pl\/?page_id=5069","title":{"rendered":"Warunki i kryteria rekrutacji-  FERS"},"content":{"rendered":"<p>&nbsp;<\/p>\n<p><img fetchpriority=\"high\" decoding=\"async\" class=\"aligncenter  wp-image-5723\" src=\"https:\/\/zst-skarzysko.pl\/wp-content\/uploads\/2024\/06\/logo_FERS-300x53.jpg\" alt=\"\" width=\"555\" height=\"98\" srcset=\"https:\/\/zst-skarzysko.pl\/wp-content\/uploads\/2024\/06\/logo_FERS-300x53.jpg 300w, https:\/\/zst-skarzysko.pl\/wp-content\/uploads\/2024\/06\/logo_FERS-1024x183.jpg 1024w, https:\/\/zst-skarzysko.pl\/wp-content\/uploads\/2024\/06\/logo_FERS-768x137.jpg 768w, https:\/\/zst-skarzysko.pl\/wp-content\/uploads\/2024\/06\/logo_FERS-1536x274.jpg 1536w, https:\/\/zst-skarzysko.pl\/wp-content\/uploads\/2024\/06\/logo_FERS.jpg 1795w\" sizes=\"(max-width: 555px) 100vw, 555px\" \/><\/p>\n<p class=\"gwp80748995_MsoNormal\" align=\"center\"><b>WARUNKI REKRUTACJI UCZESTNIK\u00d3W<\/b><\/p>\n<p class=\"gwp80748995_MsoNormal\" align=\"center\">\u00a0<i>do udzia\u0142u w praktykach zawodowych realizowanych w ramach\u00a0<\/i>projektu<\/p>\n<p class=\"gwp80748995_MsoNormal\" align=\"center\"><i>\u201e<\/i><strong><i>Zagraniczna mobilno\u015b\u0107 edukacyjna uczni\u00f3w i absolwent\u00f3w oraz kadry kszta\u0142cenia zawodowego<\/i><\/strong><b><i>\u201d<\/i><\/b><\/p>\n<p class=\"gwp80748995_MsoNormal\" align=\"center\">ze\u00a0\u015brodk\u00f3w Europejskiego Funduszu Spo\u0142ecznego Plus w\u00a0ramach\u00a0Programu\u00a0Fundusze\u00a0Europejskie\u00a0dla\u00a0Rozwoju\u00a0Spo\u0142ecznego\u00a0(FERS)\u00a02021-2027<i>.<\/i><\/p>\n<p class=\"gwp80748995_MsoNormal\">1. Uczestnikami sta\u017cu mog\u0105 by\u0107\u0301 uczniowie i uczennice Zespo\u0142u Szk\u00f3\u0142 Technicznych o profilach: technik fotografii i multimedi\u00f3w, technik informatyk i technik programista zgodnie z\u00a0zaplanowanym harmonogramem wyjazd\u00f3w na sta\u017ce.<\/p>\n<p class=\"gwp80748995_MsoNormal\">2. Uczestnicy zobowi\u0105zuj\u0105 si\u0119 do odbycia etapu przygotowawczego przed wyjazdem na sta\u017c oraz do wype\u0142niania wszelkich zada\u0144 zwi\u0105zanych z realizacj\u0105 sta\u017cu.<\/p>\n<p class=\"gwp80748995_MsoNormal\">3. Uczennice i uczniowie zainteresowani udzia\u0142em w projekcie, wykorzystuj\u0105c szkoln\u0105 us\u0142ug\u0119 Office 365, wype\u0142niaj\u0105 w aplikacji Forms formularz zg\u0142oszeniowy wraz z\u00a0wymaganymi zgodami w wyznaczonym terminie. W imieniu uczni\u00f3w niepe\u0142noletnich zgod\u0119 wyra\u017ca rodzic\/opiekun prawny.<\/p>\n<p class=\"gwp80748995_MsoNormal\">Bezpo\u015bredni link do formularza rekrutacyjnego dost\u0119pny jest na stronie szko\u0142y\u00a0<a href=\"http:\/\/www.zst-skarzysko.pl\/\" target=\"_blank\" rel=\"noopener noreferrer\" data-saferedirecturl=\"https:\/\/zasobygwp.pl\/redirect?sig=7a884379a971b34c4315082f391fa9b3cb8e14a453e72515ed55eeaa01c67118&amp;url=aHR0cDovL3d3dy56c3Qtc2thcnp5c2tvLnBs&amp;platform=desktop&amp;brand=wp\">www.zst-skarzysko.pl<\/a>\u00a0w zak\u0142adce FERS \u2013 sta\u017ce zagraniczne \u2013 DOKUMENTY. Po wyznaczonym terminie formularz zg\u0142oszeniowy wraz z deklaracj\u0105 uczestnictwa zostanie wy\u0142\u0105czony.<\/p>\n<p class=\"gwp80748995_MsoNormal\">4. Po wst\u0119pnej rekrutacji (analizie wynik\u00f3w nauczania) odb\u0119dzie si\u0119 rozmowa kwalifikacyjna i\u00a0ustny egzamin z j\u0119zyka angielskiego.<\/p>\n<p class=\"gwp80748995_MsoNormal\">5. O zakwalifikowaniu si\u0119 na sta\u017c decyduje liczba punkt\u00f3w. W przypadku jednakowej ilo\u015bci punkt\u00f3w decyduje wy\u017csza ocena z j\u0119zyk\u00f3w obcych, potem \u015brednia ocen z\u00a0przedmiot\u00f3w zawodowych. Je\u017celi uczniowie uzyskali jednakowy wynik, o zakwalifikowaniu decyduje udzia\u0142 w\u00a0\u017cyciu szko\u0142y.<\/p>\n<p class=\"gwp80748995_MsoNormal\">6. W grupie rekrutacyjnej znajdzie si\u0119 min. 1 osoba o mniejszych szansach (sytuacja materialna i\u00a0socjalna, sytuacja rodzinna, problemy zdrowotne, niepe\u0142nosprawno\u015b\u0107, inne problemy utrudniaj\u0105ce systematyczn\u0105 nauk\u0119). Mo\u017cliwo\u015b\u0107\u0301 wykorzystania tego kryterium wymaga\u0107\u0301 b\u0119dzie przed\u0142o\u017cenia dokumentu potwierdzaj\u0105cego jego spe\u0142nienie.<\/p>\n<p class=\"gwp80748995_MsoNormal\">7. Sk\u0142ad komisji rekrutacyjnej: dyrektor szko\u0142y, koordynator projektu, nauczyciel j\u0119zyka angielskiego, nauczyciel zawodu i pedagog.<\/p>\n<p class=\"gwp80748995_MsoNormal\">8. Lista os\u00f3b zakwalifikowanych do udzia\u0142u w projekcie dost\u0119pna b\u0119dzie na stronie szko\u0142y po zako\u0144czeniu procesu rekrutacji.<\/p>\n<p class=\"gwp80748995_MsoNormal\">9. Od decyzji komisji przys\u0142uguje odwo\u0142anie do dyrektora szko\u0142y w ci\u0105gu 7 dni po zako\u0144czeniu procesu rekrutacji. Ostateczn\u0105 decyzj\u0119 podejmuje dyrektor szko\u0142y w ci\u0105gu nast\u0119pnych 3 dni.<\/p>\n<p class=\"gwp80748995_MsoNormal\">10. Po zako\u0144czeniu procesu rekrutacji powstanie lista rezerwowa. Powodem przesuni\u0119cia kandydata z listy uczestnik\u00f3w na list\u0119 rezerwow\u0105 mo\u017ce by\u0107\u0301:<\/p>\n<p class=\"gwp80748995_MsoNormal\">&#8211; nieprzestrzeganie zapis\u00f3w statutu szko\u0142y i kary na\u0142o\u017cone na ucznia,<\/p>\n<p class=\"gwp80748995_MsoNormal\">&#8211; opuszczenie 25% zaj\u0119\u0107\u0301 przygotowawczych,<\/p>\n<p class=\"gwp80748995_MsoNormal\">&#8211; znacz\u0105ce obni\u017cenie (o min. 0,75 s\u0301redniej) ocen z jednego lub wi\u0119cej przedmiot\u00f3w rekrutacyjnych w pierwszym semestrze roku szkolnego, w kt\u00f3rym nast\u0119puje wyjazd,<\/p>\n<p class=\"gwp80748995_MsoNormal\">&#8211; znacz\u0105ce obni\u017cenie (o min. 5%) frekwencji w pierwszym semestrze roku szkolnego, w kt\u00f3rym nast\u0119puje wyjazd (z wyj\u0105tkiem sytuacji losowych: kwestie zdrowotne, osobiste),<\/p>\n<p class=\"gwp80748995_MsoNormal\">&#8211; rezygnacja uczestnika z udzia\u0142u w projekcie z powodu uzasadnionych przyczyn losowych (np. choroba, sytuacja rodzinna).<\/p>\n<p class=\"gwp80748995_MsoNormal\" style=\"text-align: center;\">\u2026\u2026\u2026\u2026\u2026\u2026\u2026\u2026\u2026\u2026\u2026\u2026\u2026\u2026\u2026\u2026\u2026\u2026\u2026\u2026\u2026\u2026\u2026\u2026\u2026\u2026\u2026\u2026\u2026\u2026\u2026\u2026\u2026\u2026\u2026\u2026\u2026\u2026\u2026\u2026\u2026\u2026\u2026\u2026\u2026\u2026\u2026\u2026\u2026\u2026\u2026\u2026\u2026..<\/p>\n<p class=\"gwp80748995_MsoNormal\" align=\"center\"><b>KRYTERIA REKRUTACJI DLA UCZNI\u00d3W<\/b><\/p>\n<p class=\"gwp80748995_MsoNormal\">Do programu zostan\u0105 zakwalifikowani tylko ci uczniowie, kt\u00f3rzy spe\u0142ni\u0105 kryteria rekrutacyjne. Znaczenie b\u0119d\u0105 mia\u0142y przede wszystkim zainteresowania zawodowe uczni\u00f3w, ich motywacja, wyniki w nauce oraz znajomo\u015b\u0107 j\u0119zyk\u00f3w obcych. Brane pod uwag\u0119 s\u0105 wyniki nauczania na koniec I semestru i\/lub roku szkolnego.<\/p>\n<p class=\"gwp80748995_MsoNormal\">Szczeg\u00f3\u0142owe kryteria kwalifikacyjne:<\/p>\n<p class=\"gwp80748995_gmail-MsoListParagraphCxSpFirst\">1.\u00a0\u00a0\u00a0\u00a0\u00a0<strong>\u00a0\u00a0\u00a0Ocena z j. angielskiego<\/strong><\/p>\n<p class=\"gwp80748995_gmail-MsoListParagraphCxSpMiddle\">\u00a0ocena &#8211; punkty<\/p>\n<p class=\"gwp80748995_gmail-MsoListParagraphCxSpMiddle\">celuj\u0105ca &#8211; 6 pkt.,<\/p>\n<p class=\"gwp80748995_gmail-MsoListParagraphCxSpMiddle\">b. dobra &#8211; 5 pkt.,<\/p>\n<p class=\"gwp80748995_gmail-MsoListParagraphCxSpMiddle\">dobra &#8211; 4 pkt.,<\/p>\n<p class=\"gwp80748995_gmail-MsoListParagraphCxSpMiddle\">dostateczna &#8211; 3 pkt.<\/p>\n<p class=\"gwp80748995_gmail-MsoListParagraphCxSpMiddle\">2.\u00a0\u00a0\u00a0\u00a0<strong>\u00a0\u00a0\u00a0Ocena z zachowania<\/strong><\/p>\n<p class=\"gwp80748995_gmail-MsoListParagraphCxSpMiddle\">\u00a0ocena &#8211; punkty<\/p>\n<p class=\"gwp80748995_gmail-MsoListParagraphCxSpMiddle\">wzorowe &#8211; 4 pkt.,<\/p>\n<p class=\"gwp80748995_gmail-MsoListParagraphCxSpMiddle\">b. dobre &#8211; 3 pkt.,<\/p>\n<p class=\"gwp80748995_gmail-MsoListParagraphCxSpMiddle\">dobre &#8211; 2 pkt.,<\/p>\n<p class=\"gwp80748995_gmail-MsoListParagraphCxSpMiddle\">3.\u00a0\u00a0\u00a0\u00a0\u00a0\u00a0\u00a0<strong>\u015arednia ocen z przedmiot\u00f3w zawodowych<\/strong><\/p>\n<p class=\"gwp80748995_gmail-MsoListParagraphCxSpMiddle\">\u015brednia &#8211; punkty<\/p>\n<p class=\"gwp80748995_gmail-MsoListParagraphCxSpMiddle\">6,0-5,0 &#8211; 6 pkt.,<\/p>\n<p class=\"gwp80748995_gmail-MsoListParagraphCxSpMiddle\">4,9-4,5 &#8211; 5 pkt.,<\/p>\n<p class=\"gwp80748995_gmail-MsoListParagraphCxSpMiddle\">4,4-4,0 &#8211; 4 pkt.,<\/p>\n<p class=\"gwp80748995_gmail-MsoListParagraphCxSpMiddle\">3,9-3,5 &#8211; 3 pkt.,<\/p>\n<p class=\"gwp80748995_gmail-MsoListParagraphCxSpMiddle\">3,4-3,0 &#8211; 2 pkt.<\/p>\n<p class=\"gwp80748995_gmail-MsoListParagraphCxSpMiddle\">4.\u00a0\u00a0\u00a0\u00a0\u00a0\u00a0<strong>\u015arednia wszystkich ocen<\/strong><\/p>\n<p class=\"gwp80748995_gmail-MsoListParagraphCxSpMiddle\">\u015brednia &#8211; punkty<\/p>\n<p class=\"gwp80748995_gmail-MsoListParagraphCxSpMiddle\">6,0-5,0 &#8211; 5 pkt.,<\/p>\n<p class=\"gwp80748995_gmail-MsoListParagraphCxSpMiddle\">4,9-4,5 &#8211; 4 pkt.,<\/p>\n<p class=\"gwp80748995_gmail-MsoListParagraphCxSpMiddle\">4,4-4,0 &#8211; 3 pkt.,<\/p>\n<p class=\"gwp80748995_gmail-MsoListParagraphCxSpMiddle\">3,9-3,5 &#8211; 2 pkt.,<\/p>\n<p class=\"gwp80748995_gmail-MsoListParagraphCxSpLast\">3,4-3,0 &#8211; 1 pkt.<\/p>\n<p class=\"gwp80748995_MsoNormal\">5. Rozmowa kwalifikacyjna &#8211; 10 pkt.<\/p>\n<p class=\"gwp80748995_MsoNormal\">6. Egzamin ustny z j\u0119zyka angielskiego &#8211; 10 pkt.<\/p>\n<p class=\"gwp80748995_MsoNormal\">7. Kryterium dodatkowe &#8211; osoby z mniejszymi szansami \u2013 5 pkt.<\/p>\n<p class=\"gwp80748995_MsoNormal\">\n","protected":false},"excerpt":{"rendered":"<p>&nbsp; WARUNKI REKRUTACJI UCZESTNIK\u00d3W \u00a0do udzia\u0142u w praktykach zawodowych realizowanych w ramach\u00a0projektu \u201eZagraniczna mobilno\u015b\u0107 edukacyjna uczni\u00f3w i absolwent\u00f3w oraz kadry kszta\u0142cenia zawodowego\u201d ze\u00a0\u015brodk\u00f3w Europejskiego Funduszu [&hellip;]<\/p>\n","protected":false},"author":8,"featured_media":0,"parent":0,"menu_order":0,"comment_status":"closed","ping_status":"closed","template":"","meta":{"footnotes":"","_links_to":"","_links_to_target":""},"class_list":["post-5069","page","type-page","status-publish","hentry"],"_links":{"self":[{"href":"https:\/\/zst-skarzysko.pl\/index.php?rest_route=\/wp\/v2\/pages\/5069","targetHints":{"allow":["GET"]}}],"collection":[{"href":"https:\/\/zst-skarzysko.pl\/index.php?rest_route=\/wp\/v2\/pages"}],"about":[{"href":"https:\/\/zst-skarzysko.pl\/index.php?rest_route=\/wp\/v2\/types\/page"}],"author":[{"embeddable":true,"href":"https:\/\/zst-skarzysko.pl\/index.php?rest_route=\/wp\/v2\/users\/8"}],"replies":[{"embeddable":true,"href":"https:\/\/zst-skarzysko.pl\/index.php?rest_route=%2Fwp%2Fv2%2Fcomments&post=5069"}],"version-history":[{"count":4,"href":"https:\/\/zst-skarzysko.pl\/index.php?rest_route=\/wp\/v2\/pages\/5069\/revisions"}],"predecessor-version":[{"id":5893,"href":"https:\/\/zst-skarzysko.pl\/index.php?rest_route=\/wp\/v2\/pages\/5069\/revisions\/5893"}],"wp:attachment":[{"href":"https:\/\/zst-skarzysko.pl\/index.php?rest_route=%2Fwp%2Fv2%2Fmedia&parent=5069"}],"curies":[{"name":"wp","href":"https:\/\/api.w.org\/{rel}","templated":true}]}}

<p>&nbsp;</p>
<p><img fetchpriority="high" decoding="async" class="aligncenter  wp-image-5723" src="https://zst-skarzysko.pl/wp-content/uploads/2024/06/logo_FERS-300x53.jpg" alt="" width="555" height="98" srcset="https://zst-skarzysko.pl/wp-content/uploads/2024/06/logo_FERS-300x53.jpg 300w, https://zst-skarzysko.pl/wp-content/uploads/2024/06/logo_FERS-1024x183.jpg 1024w, https://zst-skarzysko.pl/wp-content/uploads/2024/06/logo_FERS-768x137.jpg 768w, https://zst-skarzysko.pl/wp-content/uploads/2024/06/logo_FERS-1536x274.jpg 1536w, https://zst-skarzysko.pl/wp-content/uploads/2024/06/logo_FERS.jpg 1795w" sizes="(max-width: 555px) 100vw, 555px" /></p>
<p class="gwp80748995_MsoNormal" align="center"><b>WARUNKI REKRUTACJI UCZESTNIKÓW</b></p>
<p class="gwp80748995_MsoNormal" align="center"> <i>do udziału w praktykach zawodowych realizowanych w ramach </i>projektu</p>
<p class="gwp80748995_MsoNormal" align="center"><i>„</i><strong><i>Zagraniczna mobilność edukacyjna uczniów i absolwentów oraz kadry kształcenia zawodowego</i></strong><b><i>”</i></b></p>
<p class="gwp80748995_MsoNormal" align="center">ze środków Europejskiego Funduszu Społecznego Plus w ramach Programu Fundusze Europejskie dla Rozwoju Społecznego (FERS) 2021-2027<i>.</i></p>
<p class="gwp80748995_MsoNormal">1. Uczestnikami stażu mogą być́ uczniowie i uczennice Zespołu Szkół Technicznych o profilach: technik fotografii i multimediów, technik informatyk i technik programista zgodnie z zaplanowanym harmonogramem wyjazdów na staże.</p>
<p class="gwp80748995_MsoNormal">2. Uczestnicy zobowiązują się do odbycia etapu przygotowawczego przed wyjazdem na staż oraz do wypełniania wszelkich zadań związanych z realizacją stażu.</p>
<p class="gwp80748995_MsoNormal">3. Uczennice i uczniowie zainteresowani udziałem w projekcie, wykorzystując szkolną usługę Office 365, wypełniają w aplikacji Forms formularz zgłoszeniowy wraz z wymaganymi zgodami w wyznaczonym terminie. W imieniu uczniów niepełnoletnich zgodę wyraża rodzic/opiekun prawny.</p>
<p class="gwp80748995_MsoNormal">Bezpośredni link do formularza rekrutacyjnego dostępny jest na stronie szkoły <a href="http://www.zst-skarzysko.pl/" target="_blank" rel="noopener noreferrer" data-saferedirecturl="https://zasobygwp.pl/redirect?sig=7a884379a971b34c4315082f391fa9b3cb8e14a453e72515ed55eeaa01c67118&amp;url=aHR0cDovL3d3dy56c3Qtc2thcnp5c2tvLnBs&amp;platform=desktop&amp;brand=wp">www.zst-skarzysko.pl</a> w zakładce FERS – staże zagraniczne – DOKUMENTY. Po wyznaczonym terminie formularz zgłoszeniowy wraz z deklaracją uczestnictwa zostanie wyłączony.</p>
<p class="gwp80748995_MsoNormal">4. Po wstępnej rekrutacji (analizie wyników nauczania) odbędzie się rozmowa kwalifikacyjna i ustny egzamin z języka angielskiego.</p>
<p class="gwp80748995_MsoNormal">5. O zakwalifikowaniu się na staż decyduje liczba punktów. W przypadku jednakowej ilości punktów decyduje wyższa ocena z języków obcych, potem średnia ocen z przedmiotów zawodowych. Jeżeli uczniowie uzyskali jednakowy wynik, o zakwalifikowaniu decyduje udział w życiu szkoły.</p>
<p class="gwp80748995_MsoNormal">6. W grupie rekrutacyjnej znajdzie się min. 1 osoba o mniejszych szansach (sytuacja materialna i socjalna, sytuacja rodzinna, problemy zdrowotne, niepełnosprawność, inne problemy utrudniające systematyczną naukę). Możliwość́ wykorzystania tego kryterium wymagać́ będzie przedłożenia dokumentu potwierdzającego jego spełnienie.</p>
<p class="gwp80748995_MsoNormal">7. Skład komisji rekrutacyjnej: dyrektor szkoły, koordynator projektu, nauczyciel języka angielskiego, nauczyciel zawodu i pedagog.</p>
<p class="gwp80748995_MsoNormal">8. Lista osób zakwalifikowanych do udziału w projekcie dostępna będzie na stronie szkoły po zakończeniu procesu rekrutacji.</p>
<p class="gwp80748995_MsoNormal">9. Od decyzji komisji przysługuje odwołanie do dyrektora szkoły w ciągu 7 dni po zakończeniu procesu rekrutacji. Ostateczną decyzję podejmuje dyrektor szkoły w ciągu następnych 3 dni.</p>
<p class="gwp80748995_MsoNormal">10. Po zakończeniu procesu rekrutacji powstanie lista rezerwowa. Powodem przesunięcia kandydata z listy uczestników na listę rezerwową może być́:</p>
<p class="gwp80748995_MsoNormal">&#8211; nieprzestrzeganie zapisów statutu szkoły i kary nałożone na ucznia,</p>
<p class="gwp80748995_MsoNormal">&#8211; opuszczenie 25% zajęć́ przygotowawczych,</p>
<p class="gwp80748995_MsoNormal">&#8211; znaczące obniżenie (o min. 0,75 średniej) ocen z jednego lub więcej przedmiotów rekrutacyjnych w pierwszym semestrze roku szkolnego, w którym następuje wyjazd,</p>
<p class="gwp80748995_MsoNormal">&#8211; znaczące obniżenie (o min. 5%) frekwencji w pierwszym semestrze roku szkolnego, w którym następuje wyjazd (z wyjątkiem sytuacji losowych: kwestie zdrowotne, osobiste),</p>
<p class="gwp80748995_MsoNormal">&#8211; rezygnacja uczestnika z udziału w projekcie z powodu uzasadnionych przyczyn losowych (np. choroba, sytuacja rodzinna).</p>
<p class="gwp80748995_MsoNormal" style="text-align: center;">……………………………………………………………………………………………………………………………………………..</p>
<p class="gwp80748995_MsoNormal" align="center"><b>KRYTERIA REKRUTACJI DLA UCZNIÓW</b></p>
<p class="gwp80748995_MsoNormal">Do programu zostaną zakwalifikowani tylko ci uczniowie, którzy spełnią kryteria rekrutacyjne. Znaczenie będą miały przede wszystkim zainteresowania zawodowe uczniów, ich motywacja, wyniki w nauce oraz znajomość języków obcych. Brane pod uwagę są wyniki nauczania na koniec I semestru i/lub roku szkolnego.</p>
<p class="gwp80748995_MsoNormal">Szczegółowe kryteria kwalifikacyjne:</p>
<p class="gwp80748995_gmail-MsoListParagraphCxSpFirst">1.     <strong>   Ocena z j. angielskiego</strong></p>
<p class="gwp80748995_gmail-MsoListParagraphCxSpMiddle"> ocena &#8211; punkty</p>
<p class="gwp80748995_gmail-MsoListParagraphCxSpMiddle">celująca &#8211; 6 pkt.,</p>
<p class="gwp80748995_gmail-MsoListParagraphCxSpMiddle">b. dobra &#8211; 5 pkt.,</p>
<p class="gwp80748995_gmail-MsoListParagraphCxSpMiddle">dobra &#8211; 4 pkt.,</p>
<p class="gwp80748995_gmail-MsoListParagraphCxSpMiddle">dostateczna &#8211; 3 pkt.</p>
<p class="gwp80748995_gmail-MsoListParagraphCxSpMiddle">2.    <strong>   Ocena z zachowania</strong></p>
<p class="gwp80748995_gmail-MsoListParagraphCxSpMiddle"> ocena &#8211; punkty</p>
<p class="gwp80748995_gmail-MsoListParagraphCxSpMiddle">wzorowe &#8211; 4 pkt.,</p>
<p class="gwp80748995_gmail-MsoListParagraphCxSpMiddle">b. dobre &#8211; 3 pkt.,</p>
<p class="gwp80748995_gmail-MsoListParagraphCxSpMiddle">dobre &#8211; 2 pkt.,</p>
<p class="gwp80748995_gmail-MsoListParagraphCxSpMiddle">3.       <strong>Średnia ocen z przedmiotów zawodowych</strong></p>
<p class="gwp80748995_gmail-MsoListParagraphCxSpMiddle">średnia &#8211; punkty</p>
<p class="gwp80748995_gmail-MsoListParagraphCxSpMiddle">6,0-5,0 &#8211; 6 pkt.,</p>
<p class="gwp80748995_gmail-MsoListParagraphCxSpMiddle">4,9-4,5 &#8211; 5 pkt.,</p>
<p class="gwp80748995_gmail-MsoListParagraphCxSpMiddle">4,4-4,0 &#8211; 4 pkt.,</p>
<p class="gwp80748995_gmail-MsoListParagraphCxSpMiddle">3,9-3,5 &#8211; 3 pkt.,</p>
<p class="gwp80748995_gmail-MsoListParagraphCxSpMiddle">3,4-3,0 &#8211; 2 pkt.</p>
<p class="gwp80748995_gmail-MsoListParagraphCxSpMiddle">4.      <strong>Średnia wszystkich ocen</strong></p>
<p class="gwp80748995_gmail-MsoListParagraphCxSpMiddle">średnia &#8211; punkty</p>
<p class="gwp80748995_gmail-MsoListParagraphCxSpMiddle">6,0-5,0 &#8211; 5 pkt.,</p>
<p class="gwp80748995_gmail-MsoListParagraphCxSpMiddle">4,9-4,5 &#8211; 4 pkt.,</p>
<p class="gwp80748995_gmail-MsoListParagraphCxSpMiddle">4,4-4,0 &#8211; 3 pkt.,</p>
<p class="gwp80748995_gmail-MsoListParagraphCxSpMiddle">3,9-3,5 &#8211; 2 pkt.,</p>
<p class="gwp80748995_gmail-MsoListParagraphCxSpLast">3,4-3,0 &#8211; 1 pkt.</p>
<p class="gwp80748995_MsoNormal">5. Rozmowa kwalifikacyjna &#8211; 10 pkt.</p>
<p class="gwp80748995_MsoNormal">6. Egzamin ustny z języka angielskiego &#8211; 10 pkt.</p>
<p class="gwp80748995_MsoNormal">7. Kryterium dodatkowe &#8211; osoby z mniejszymi szansami – 5 pkt.</p>
<p class="gwp80748995_MsoNormal">

<p>&nbsp; WARUNKI REKRUTACJI UCZESTNIKÓW  do udziału w praktykach zawodowych realizowanych w ramach projektu „Zagraniczna mobilność edukacyjna uczniów i absolwentów oraz kadry kształcenia zawodowego” ze środków Europejskiego Funduszu [&hellip;]</p>
